Let i(h) = -7*h - 15. Determine i(-2).
-1
Let k(u) = u**2 + u - 4. What is k(0)?
-4
Let x(f) = -f - 19. Calculate x(9).
-28
Let t(x) = -x**2 + 3*x - 3. Calculate t(3).
-3
Let s(c) = -7*c**2 - 2. Determine s(-2).
-30
Let g(a) = a**2 - 4*a + 10. Determine g(12).
106
Let i(j) = -3*j - 45. Determine i(11).
-78
Let v(i) = 3*i + 19. Determine v(-9).
-8
Let j(m) = -m**3 - 11*m**2 - 14*m + 36. Give j(-9).
0
Let k(t) = -t**3 + 9*t**2 - t + 3. Determine k(9).
-6
Let s(q) = -51*q + 1. Calculate s(1).
-50
Let p(k) = k + 14. What is p(6)?
20
Let d(s) = 2*s**3 + 3*s - 3. Calculate d(2).
19
Let a(p) = -2*p**2 - p + 7. Calculate a(5).
-48
Let r(q) = 4*q - 145. What is r(37)?
3
Let k(a) = -a**2 + 4*a + 16. Give k(0).
16
Let w(g) = -39*g - 8. Calculate w(-2).
70
Let o(n) = -2*n**2 - n - 3. What is o(-4)?
-31
Let n(l) = 6*l - 14. Give n(4).
10
Let i(z) = -z**2 + 25*z - 136. Determine i(18).
-10
Let k(f) = -3*f**2 - 6*f - 10. Calculate k(-4).
-34
Let c(w) = 5*w - 1. Give c(-1).
-6
Let o(g) = -9*g + 21. Calculate o(5).
-24
Let f(q) = q**2 - q - 42. Determine f(7).
0
Let c(r) = 2*r**3 + 39*r**2 - 20*r - 16. Determine c(-20).
-16
Let o(u) = -13*u - 32. What is o(-3)?
7
Let a(m) = 2*m**2 - 14*m - 3. Determine a(7).
-3
Let i(k) = 5*k**2 + 21*k - 4. Give i(-4).
-8
Let h(r) = 53*r + 5. Calculate h(0).
5
Let d(k) = -k**2 + k + 8. Calculate d(7).
-34
Let f(i) = -4*i - 122. Calculate f(-30).
-2
Let g(k) = 21*k + 12. Determine g(-4).
-72
Let r(w) = -2*w + 17. What is r(-24)?
65
Let v(s) = 3*s + 10. Determine v(-2).
4
Let t(m) = -m**3 - 3*m**2 + 5*m - 7. Determine t(-5).
18
Let l(o) = 38*o - 1. What is l(1)?
37
Let y(m) = -m**3 + 11*m**2 + 9*m + 13. What is y(12)?
-23
Let k(a) = 13*a - 113. What is k(8)?
-9
Let m(r) = r**2 + 2*r + 2. Determine m(-7).
37
Let g(w) = 4*w**2 + 5*w - 4. Determine g(2).
22
Let k(n) = -2*n**2 - 5*n + 11. Determine k(4).
-41
Let h(o) = -4*o - 17. Give h(-5).
3
Let w(k) = k**2 - 17*k - 27. What is w(17)?
-27
Let v(z) = -z**3 - 4*z**2 - 2*z - 5. Give v(-4).
3
Let s(g) = -5*g - 111. Give s(-15).
-36
Let x(p) = -p**3 - 4*p**2 + 4*p - 2. Determine x(-4).
-18
Let y(u) = u**2 + 2*u - 3. What is y(-3)?
0
Let n(i) = -i**3 - 6*i**2 - i. What is n(-5)?
-20
Let t(n) = -n**3 - 29*n**2 - 28*n + 10. Give t(-28).
10
Let u(q) = q**2 - 6*q - 10. Calculate u(8).
6
Let a(l) = -4*l**2 + 12*l - 3. Calculate a(-5).
-163
Let b(o) = 18*o - 234. Calculate b(13).
0
Let j(o) = 7*o - 5. Calculate j(3).
16
Let p(z) = -z**2 - 5*z + 27. Give p(-9).
-9
Let t(q) = -q**3 + 22*q**2 + 46*q + 48. Calculate t(24).
0
Let z(p) = -3*p**3 - 2*p**2 - 2*p - 2. What is z(-2)?
18
Let z(x) = -27*x + 2. Calculate z(1).
-25
Let u(i) = -i**3 - 10*i**2 + 10*i - 13. Determine u(-11).
-2
Let u(a) = 4*a. Determine u(-4).
-16
Let i(s) = 2*s**3 - 3*s**2 + 2*s + 6. Determine i(-4).
-178
Let x(y) = -2*y**2 + 9*y + 18. Calculate x(8).
-38
Let y(a) = -2*a**2 + a + 9. Calculate y(5).
-36
Let g(l) = -l**3 - 6*l**2 - 4. Calculate g(-6).
-4
Let i(v) = -v**2 + 9*v - 14. Give i(7).
0
Let b(c) = 9*c**2 - 2. Give b(-1).
7
Let j(f) = -f**2 + 3*f + 39. What is j(-6)?
-15
Let n(p) = p + 22. Calculate n(-8).
14
Let f(i) = -i**3 - 46*i**2 + 49*i + 94. Calculate f(-47).
0
Let f(v) = -6*v - 24. Give f(-5).
6
Let k(f) = -f**2. Determine k(0).
0
Let k(y) = 4*y - 21. Determine k(17).
47
Let d(k) = k**2 + 19*k + 38. Determine d(-17).
4
Let t(d) = d**3 + 5*d**2 - 12*d + 11. Give t(-7).
-3
Let j(p) = -p**2 + 20*p - 12. Give j(14).
72
Let v(b) = b**3 - 14*b**2 - 6. Give v(14).
-6
Let m(o) = -o**3 + 4*o**2 - o. Determine m(4).
-4
Let q(k) = -k**3 - 17*k**2 - 46*k - 33. Give q(-14).
23
Let f(v) = 3*v**3 - 44*v**2 + 30*v - 32. Determine f(14).
-4
Let x(y) = -y**2 - 18*y - 75. What is x(-10)?
5
Let a(h) = h**3 + 8*h**2 + 9*h + 6. Give a(-6).
24
Let w(v) = -65*v - 196. What is w(-3)?
-1
Let y(m) = 7*m + 115. What is y(-6)?
73
Let s(d) = d**2 + 11*d - 35. What is s(-12)?
-23
Let i(l) = -l**2 + 11*l - 23. Give i(8).
1
Let x(a) = -a**2 + 18*a + 23. Determine x(22).
-65
Let m(r) = -r**2 + 9*r + 17. Determine m(13).
-35
Let v(a) = 2*a - 30. Give v(10).
-10
Let b(a) = -a - 5. What is b(-9)?
4
Let c(g) = 3*g + 6. What is c(-4)?
-6
Let u(q) = 10*q + 8. Calculate u(-2).
-12
Let w(b) = 2*b**2 - b + 2. Determine w(3).
17
Let j(c) = -c**3 + 29*c**2 - 29*c + 33. What is j(28)?
5
Let u(g) = -2*g + 76. What is u(33)?
10
Let u(o) = -o**2 + 42*o - 91. Determine u(39).
26
Let q(k) = -k**2 + 12*k + 11. What is q(14)?
-17
Let j(a) = 2*a**3 + 2*a**2 - a + 2. Give j(-2).
-4
Let c(a) = -4*a + 17. What is c(3)?
5
Let p(j) = -86*j + 765. Calculate p(9).
-9
Let j(y) = 2*y**2 - 14*y - 2. Give j(10).
58
Let o(h) = -h**3 - 18*h**2 - 17*h + 6. Determine o(-17).
6
Let x(f) = -12*f + 28. Determine x(3).
-8
Let i(t) = -t**2 + 10*t - 6. Give i(4).
18
Let q(l) = -6*l + 55. Give q(9).
1
Let r(u) = -13*u - 198. What is r(-18)?
36
Let c(j) = -j**2 + 12*j - 7. Give c(10).
13
Let t(j) = -j**3 + 24*j**2 - 107*j - 16. Calculate t(18).
2
Let a(b) = -b + 6. Give a(4).
2
Let p(b) = 18*b**2 + 10*b + 15. Determine p(-2).
67
Let p(y) = -y**2 + 14*y + 76. Give p(17).
25
Let v(n) = n**2 + 8*n - 13. Determine v(-9).
-4
Let i(h) = h**2 + 2*h - 2. What is i(2)?
6
Let o(u) = -u**3 + 5*u**2 + u - 8. Give o(5).
-3
Let w(a) = -a**3 + 6*a**2 + 7*a + 5. Determine w(7).
5
Let i(g) = -8*g + 6. Determine i(2).
-10
Let q(j) = -j**2 - 2*j + 16. What is q(-5)?
1
Let b(w) = w**3 - 5*w**2 + 4*w + 6. What is b(-1)?
-4
Let h(b) = -2*b**2 + 16*b - 20. Calculate h(6).
4
Let q(s) = s**3 - 13*s**2 - 13*s - 18. Give q(14).
-4
Let h(n) = 35*n - 43. Determine h(1).
-8
Let p(t) = -t**3 - 15*t**2 + 12*t + 153. Calculate p(-15).
-27
Let n(c) = -c**3 - c**2 + c + 5. Calculate n(0).
5
Let r(z) = -z**3 + z**2 + 13*z - 6. Give r(4).
-2
Let d(l) = -6*l + 5. Determine d(-5).
35
Let t(l) = l**3 + 11*l**2 + 8*l - 23. Give t(-10).
-3
Let t(k) = k**3 - 11*k**2 + 4*k - 35. Give t(11).
9
Let c(o) = o**3 - 9*o**2 - 7*o + 62. What is c(9)?
-1
Let c(h) = h**3 + 15*h**2 + 23*h - 47. What is c(-13)?
-8
Let k(i) = -6*i - 166. What is k(-29)?
8
Let h(k) = k**2 + 2*k + 4. Give h(-3).
7
Let f(k) = -k**2 + 38*k - 371. What is f(19)?
-10
Let c(q) = -q**3 + 4*q**2 + 3. Determine c(3).
12
Let o(p) = p + 5. Determine o(4).
9
Let q(a) = -8*a + 22. Give q(4).
-10
Let o(f) = -3*f - 15. Give o(-6).
3
Let i(c) = -c - 20. What is i(-11)?
-9
Let r(v) = 4*v**2 + 19*v + 6. Calculate r(-4).
-6
Let x(d) = 2*d - 60. What is x(35)?
10
Let p(g) = -g**3 - g**2 + 6*g - 3. Give p(-3).
-3
Let u(a) = 7*a**3 - a**2 + 1. Determine u(1).
7
Let p(k) = -k**2 - 7*k - 5. Calculate p(-5).
5
Let c(g) = g**3 - 7*g**2 + 9*g + 11. Determine c(5).
6
Let c(k) = k**2 - 2*k - 37. What is c(-5)?
-2
Let m(v) = v**3 - 7*v**2 - 12*v + 4. What is m(8)?
-28
Let f(q) = q**2 - 14*q + 18. Calculate f(12).
-6
Let m(i) = i**3 - 2*i**2 - 17*i + 3. Determine m(5).
-7
Let c(b) = -b**3 - 15*b**2 + 5*b + 74. Determine c(-15).
-1
Let b(n) = -n**3 - n**2 - n. Calculate b(0).
0
Let n(l) = -12*l - 20. Give n(-10).
100
Let d(l) = -l**2 - 12*l - 3. What is d(-11)?
8
Let k(d) = 34*d + 1. Give k(-1).
-33
Let f(c) = -c**3 - 52*c**2 - 42*c + 467. Determine f(-51).
8
Let v(c) = -7*c - 133. Determine v(-21).
14
Let c(b) = -10*b**3 + 2*b**2 + b + 2. What is c(-2)?
88
Let v(b) = -b**2 - 12*b - 1. Calculate v(-11).
10
Let d(t) = 8*t - 14. Calculate d(0).
-14
Let o(i) = 9*i - 69. What is o(7)?
-6
Let t(q) = 2*q**2 + q - 28. Determine t(-5).
17
Let n(r) = -r**2 + 7*r + 37. Determine n(15).
-83
Let f(u) = u**2 - 4*u - 11. Calculate f(6).
1
Let y(o) = -o**2 + o - 2. Calculate y(-3).
-14
Let s(x) = x**3 - x**2 + 9*x + 11. Determine s(0).
11
Let q(g) = -g + 19. Give q(11).
8
Let t(i) = -20*i**2 + 1. Calculate t(-1).
-19
Let w(s) = -2*s**3 + 4*s**2 + 3. What is w(3)?
-15
Let f(b) = -b**2 - 8*b - 34. Give f(-13).
-99
Let n(z) = -2*z**2 + 13*z + 3. Give n(-2).
-31
Let c(q) = 19*q + 205. Calculate c(-12).
-23
Let n(d) = d**2 - 19*d - 40. Calculate n(21).
2
Let x(y) = 9*y + 17. Calculate x(-2).
-1
Let t(r) = 2*r**2 - 8*r + 7. What is t(6)?
31
Let q(z) = 7*z**2 + 59*z + 8. Calculate q(-8).
-16
Let r(d) = d + 12. Give r(-11).
1
Let s(b) = b**2 - 7*b + 14. What is s(4)?
2
Let h(z) = -z**2 + z + 18. What is h(9)?
-54
Let k(x) = 2*x**3 + 9*x**2 - 6*x + 5. Give k(-5).
10
Let w(d) = 130*d - 119. Give w(1).
11
Let t(